79. Suppose -r*a + g = -2*a. What is the greatest common divisor of a and 11?
11
Suppose -3*z + 909 + 1296 = 5*y, -2*z - 441 = -y. Let s = y - 155. What is the highest common divisor of 26 and s?
26
Let g = 56 + -45. What is the greatest common factor of 11 and g?
11
Let c be 9 - (1 + -2)*-2. Let r be (-6)/(-21) + 26/c. Calculate the highest common divisor of 12 and r.
4
Suppose -2 = -w + 3, -3*d + 3*w - 21 = 0. Let x be (-60)/(-9)*(-21)/d. What is the highest common divisor of 14 and x?
14
Let m(u) = -3 + 5 - 9*u + u**2 + u**2. Suppose 0 = 25*y - 26*y + 6. Let s be m(y). What is the greatest common factor of s and 50?
10
Let k = 8 + -4. Suppose -k*w + 10 + 10 = 0. Let u be (3 + 11/(-3))/(4/(-30)). What is the highest common divisor of u and w?
5
Suppose 0*q - 5*q + 10 = 0. Let f(j) = 5*j + 6*j - 12*j. Let v be f(-6). Calculate the highest common factor of q and v.
2
Let k(j) = j**3 - 13*j**2 + 30*j + 14. Let q be k(11). What is the highest common factor of q and 6?
6
Suppose 3*v = -2*v + 2*d + 2, 0 = -5*v - 3*d + 22. Let m be v/9 - (-32)/18. Calculate the highest common factor of m and 14.
2
Let s(a) = 2*a + 2 - 2 - 1 + a**2. Let v be s(-3). Let l be 2/6 + (-58)/(-6). Calculate the highest common divisor of v and l.
2
Let w be 5/((-30)/(-16))*-3. Let q(d) = d**2 - d + 9. Let y be q(4). Let a = w + y. Calculate the highest common divisor of a and 13.
13
Let o be (1 - 0)*-2 + 1. Let z(v) = -17*v**3 - v**2 + v + 1. Let p be z(o). Calculate the highest common factor of 2 and p.
2
Let f be 1/(-7) + 6280/56. Calculate the highest common factor of 16 and f.
16
Suppose -4*j = -9*h + 8*h + 232, -h - 5*j + 250 = 0. Calculate the highest common divisor of 8 and h.
8
Let x be (-3 - 0 - 0)*-5. Let f(j) = 2*j**2 + j + 2. Let t be f(-4). What is the highest common divisor of t and x?
15
Suppose 5*g - g - 108 = 0. Let x be 125/15 + ((-11)/(-3) - 3). Calculate the highest common divisor of g and x.
9
Suppose 48*d + 108 = 51*d. Calculate the greatest common factor of d and 156.
12
Let o be -60*(4 + -5) - 4. What is the greatest common factor of 560 and o?
56
Suppose -287 = -4*n + 3*j, 0*j - 330 = -5*n - 2*j. Let l = 16 + n. What is the highest common factor of 14 and l?
14
Suppose 3*g - 6 = 5*w + 19, -5*g - w = -79. What is the greatest common divisor of g and 6?
3
Suppose 0 = 5*r - 0*r - 225. Suppose 4*w - 17 = 5*z, 0*w - 4*w - 2*z = 18. Let a = 7 - w. Calculate the highest common factor of r and a.
9
Suppose -h = 6*h - 1596. Calculate the highest common divisor of 12 and h.
12
Let k(y) = y**2 + 20. Let h be k(0). Let g(j) = -2*j**2 + 6*j**2 - 4*j - 3*j**2. Let b be g(5). What is the greatest common factor of h and b?
5
Let w(l) be the first derivative of 31*l**2/2 + l + 1. Let d(a) = -a**2 + 8*a + 2. Let i be d(8). Let y be w(i). What is the highest common factor of 7 and y?
7
Suppose -5*i + 0*i = 525. Let o = i - -151. Let w = -29 + o. Calculate the highest common factor of w and 170.
17
Let n = 12 - 2. Calculate the greatest common factor of 50 and n.
10
Suppose 0 = 27*x - 29*x + 48. Calculate the greatest common divisor of x and 6.
6
Let i = -21 + 39. Let n(m) = 4*m - 6. Let w(o) = 4*o - 7. Let z(d) = -6*n(d) + 5*w(d). Let s be z(-2). What is the highest common factor of i and s?
9
Let y = 9 + -5. Let k(h) = -2 + 2*h + 4 + 2. Let w be k(y). What is the greatest common divisor of w and 48?
12
Let b(p) = -p**2 + 8*p - 14. Let h(m) = 2*m**2 - 16*m + 29. Let o(v) = 13*b(v) + 6*h(v). Let t be o(6). What is the greatest common divisor of t and 20?
4
Let o = -4 + -32. Let c = -14 - o. What is the highest common divisor of 66 and c?
22
Let u(y) be the second derivative of -y**5/20 - y**4/3 - y**3/3 + y**2 + 3*y. Let a be u(-4). Let v = 137 - 87. What is the greatest common divisor of v and a?
10
Let y be 9/(-2)*2*-2. Let v be 3/(-6) + y/4. What is the highest common factor of v and 4?
4
Let b be (0/2 - -30) + -1. Let p = b - 14. Let j = 346 + -211. What is the highest common factor of p and j?
15
Suppose 0 = -0*q + 3*q - 18. Let b = q - 0. Let k = b - 1. Calculate the greatest common factor of k and 40.
5
Let z be (-2 + 136/(-4))/(-2). Calculate the highest common factor of z and 36.
18
Let u = 195 - 127. Let h = -23 + u. Calculate the highest common factor of h and 5.
5
Suppose k + 5 = 2*k. Let j(b) = -b + 12. Let c be j(10). Suppose k*q - 2*q - 2*o - 82 = 0, -c*o - 34 = -q. What is the highest common factor of 12 and q?
12
Suppose 4*c = -20, 0 = -5*v + 2*c - 0 + 10. Suppose v*o = o - 2. Suppose 2*z - 3*n = 23, 0*n = -2*z - o*n - 2. What is the greatest common divisor of z and 44?
4
Suppose 0 = 6*y - 7*y + 13. Calculate the highest common divisor of 13 and y.
13
Let z(k) = -5*k - 1 + 0 + 0*k. Let d be z(-1). Let l = 0 + d. Calculate the greatest common divisor of l and 44.
4
Suppose -3*f - 120 = -5*f. Suppose 3*q = -2*q + f. What is the highest common factor of q and 3?
3
Let p = -1 - -4. Suppose 4*k - 2*k = 5*g - 136, k = -p. Let d(j) = -39*j. Let t be d(-1). What is the greatest common factor of g and t?
13
Let z = 35 - 13. Suppose -162 = -3*u + x, -5*u + 4*x + 260 = -x. What is the highest common factor of u and z?
11
Let i = -20 - -35. Calculate the greatest common divisor of i and 15.
15
Let x be 71/(-4) - (-2)/(-8). Let a = -7 - x. Calculate the highest common factor of 11 and a.
11
Let r(v) = -2*v**2 - 7*v - 4. Let i be r(-4). Let x(t) = t**3 + 7*t**2 - 10*t - 10. Let j be x(i). What is the greatest common divisor of 18 and j?
6
Suppose -t + 2*k + 1 = -3*k, -5*t = 5*k + 25. Let y = 13 + t. Calculate the highest common divisor of 99 and y.
9
Let l = 47 + -25. Calculate the highest common divisor of 2 and l.
2
Suppose 39 - 31 = q. Let j(d) = 4*d**2 - 10*d + 2. Let o be j(7). Suppose -2*z = 2*z - o. What is the highest common factor of q and z?
8
Let u(r) = -r. Let z be u(-3). Suppose -1 = z*x - 4*x. Calculate the greatest common factor of 5 and x.
1
Suppose -2*g + d + 20 = 3*g, -g - 20 = -5*d. What is the greatest common factor of g and 15?
5
Suppose 331 = 5*a + 2*p, 0 = 5*a - p + 6*p - 340. Calculate the highest common factor of a and 5.
5
Let c be 12/4*((-33)/(-9) + -3). Calculate the highest common factor of c and 6.
2
Let r(f) = f + 12. Let d be r(-9). Suppose -2*h - 2*c = -39 - 47, 0 = -d*c + 3. Calculate the highest common factor of 6 and h.
6
Let m be -2 + (-18)/(1 + -2). Calculate the highest common factor of m and 12.
4
Let v be 6 + (-3)/3*-1. Let y be (-2)/v + (-107)/(-7). What is the highest common factor of 60 and y?
15
Suppose 0*t + t = 6. Let c(f) be the second derivative of -f**5/20 + 5*f**4/12 + f**3 + 2*f. Let z be c(5). What is the greatest common divisor of z and t?
6
Suppose 5*v = 2*v + 2*u + 66, -5 = -v - 5*u. What is the highest common divisor of 220 and v?
20
Let w be 1/((-20)/(-18) + -1). Let f(t) = 5*t + 4*t - 8*t. Let s be f(3). Calculate the highest common factor of w and s.
3
Let g(d) = d + 71. Let j be g(-15). Calculate the greatest common factor of 32 and j.
8
Suppose 8*o - 88 = 4*o. Let z be (0 + -6)/((-3)/o). Suppose -2*p + z = -4. Calculate the greatest common divisor of p and 12.
12
Suppose 0*k + k - 2*c - 6 = 0, -c = -k + 6. Calculate the highest common factor of k and 24.
6
Let t be 9/(-6)*(-60)/9. Let a be 116/t - 6/(-15). Calculate the greatest common factor of a and 60.
12
Suppose -14 = -2*n + 30. What is the greatest common factor of 44 and n?
22
Suppose -1 = -2*a + 5. Suppose 23 = a*h - 7. What is the highest common divisor of h and 80?
10
Suppose -p = 4*p - 15. What is the highest common factor of 2 and p?
1
Suppose 3*t - 2*o = -2*t + 77, -2*t + 3*o + 22 = 0. Calculate the greatest common factor of t and 221.
17
Suppose 2*g + 54 = 2*n, 2*g = 2*n + g - 49. What is the highest common divisor of n and 2?
2
Let n(q) = -q**3 + 3*q**2 + 5*q. Let a be n(4). Let f be (-20)/(-3)*72/15. What is the greatest common factor of a and f?
4
Let q be 3 + 2 - 1*2. Let r = -11 + q. Let g be 0 - r - (-21)/7. Calculate the greatest common factor of g and 44.
11
Let a = 84 + 28. Let z be 2*(55 - -2)*-2. Let v be (-2)/7 + z/(-14). What is the greatest common divisor of a and v?
16
Suppose 3*r + 0*r = -45. Let x = r - -30. Calculate the greatest common factor of 30 and x.
15
Let g = 55 - 37. What is the highest common factor of 2 and 